pose -6*c + s = -c. What is the units digit of c?
8
Suppose 3*l - 2129 = -2*c, -4*c - 5*l + 2468 = -1787. What is the units digit of c?
0
Suppose -6*b - 7 + 19 = 0. Suppose -7*y + 355 = -b*y. What is the tens digit of y?
7
Let i(b) = 8*b + b - 21*b**3 + 44*b**3 - 24*b**3 - 11*b**2. Let p(k) = k**2 + 8*k. Let d be p(-6). What is the tens digit of i(d)?
3
Let v be -1 + 10 + (4 - 8). Let f(c) = 2*c**2 + c + 2. Let z be f(v). Suppose z = 4*a - a. What is the units digit of a?
9
Let p(h) = 0 - 1 - 3*h + h + 4*h**3 - 5*h**3 + 3*h**2. Let g be p(-3). Let f = g - 33. What is the tens digit of f?
2
Let g = 3699 + -784. What is the tens digit of g?
1
Let g = 2 - 2. Let f be 1/2*(-10)/(-1). Suppose -53 = -4*c + 2*y + 115, g = -f*c + 3*y + 211. What is the tens digit of c?
4
Let g be 95/19 - (3 + -2 - 0). Suppose 0 = -4*c - 3*q + 210 + 19, 4*c - g*q - 236 = 0. What is the units digit of c?
8
Suppose 65650 = -39*u + 216112. What is the hundreds digit of u?
8
Let h(a) = -a - 1. Let b be h(-3). Suppose -b*c + 6 = -18. What is the tens digit of c?
1
Let a = 187 - -159. What is the tens digit of a?
4
Let b = 383 + -118. Let p = b + -142. What is the units digit of p?
3
Let u(h) = h**3 + h**2 + 2*h**2 - h + 9 - 11. Let x be u(-2). Suppose -f = 2*z + 2*f - 114, -x*z + 4*f = -188. What is the units digit of z?
1
Suppose 3*v + 3*m = 6*m, 5*v - 2*m = 15. Suppose -735 = -5*u - 3*i, 5*u + 0*i = v*i + 735. What is the tens digit of u?
4
Suppose 7 = -2*g + 49. Suppose 0 = g*f - 15*f - 1632. What is the units digit of f?
2
Suppose -u + 3759 = 4*x, 3*u = -4*x + 5*u + 3762. What is the tens digit of x?
4
Let q = 0 + 4. Suppose 5*a + 41 = q*j, -3*a = -3 + 18. Suppose -5 = 3*p - 4*p + j*m, 0 = 4*m. What is the units digit of p?
5
Let w(d) = d**3 + 12*d**2 + 12*d - 58. What is the units digit of w(-8)?
2
Suppose 0 = -4*p - 5*l + 122, 2*p + l = 7*p - 167. What is the tens digit of p?
3
Suppose 176 = 6*d - 2*d. Let r = 91 - d. What is the units digit of r?
7
Suppose -8872 - 6627 = -11*h. What is the units digit of h?
9
Let c(y) = -2*y - 2. Let s be c(0). Let u be 1 + 0 + s/(-1). Suppose -u*t = -26 - 52. What is the tens digit of t?
2
Let g(m) = 15*m**2 - 2*m + 4. Let a(z) = -7*z**2 + z - 2. Let h(r) = -5*a(r) - 2*g(r). Let w be h(-2). What is the units digit of w/(-16) - (-22)/4?
4
Let j be (-1)/(3 + 57/(-18)). Suppose -2*n + 170 = 4*c, -c + j*c - 2*n = 208. What is the tens digit of c?
4
Let q = -5 - -8. What is the hundreds digit of (0 - q)*-41 + -3?
1
Suppose v = -4*v + 70. Suppose y = -4*n + 3, -6*n + n + 6 = 2*y. Suppose 4 = y*m - v. What is the units digit of m?
6
Let g = 48 - 6. Suppose -w + g = 2*w. Suppose -2*u = -5*u + 3*p + 21, -4*p - w = 3*u. What is the units digit of u?
2
Let g = -793 - -2059. What is the tens digit of g?
6
Let c(j) = 64*j - 56. What is the hundreds digit of c(5)?
2
What is the hundreds digit of 4 + 5 - (-867 + -38)?
9
Suppose 0 = 3*o - 3*s - 57, -3*o + 81 = -5*s + 24. Suppose -o - 6 = -5*x. Suppose 57 = x*m - 93. What is the units digit of m?
0
Let q(n) = n**2 + 4*n - 2. Let p be q(-8). Suppose -p = -5*w + 105. Suppose -5*d + 25 = 0, 6 = 2*t + 3*d - w. What is the units digit of t?
9
Let r be -2*2/(-4) + -3. Let f be 4*((-2)/r - 0). What is the units digit of (-2*f)/(-4)*5?
0
What is the tens digit of -22*(58/(-20) + 2/5)?
5
Let f(d) = -d**3 + d**2 + 3*d - 3. Let z be f(-2). Suppose z*j - 2*i = 230, -2*j - i = 3*j - 366. What is the tens digit of j?
7
Let g(q) = q**2 + 7*q + 10. Let h be g(-6). Suppose h*a = 3*a + 57. What is the tens digit of a?
5
Suppose 3*h = -u + 10058, -u - 3032 = -h + 318. What is the tens digit of h?
5
Let g(p) = -13*p - 5 + 1 + 6 - 1. Let i be g(-5). What is the tens digit of (3 - 10/4)*i?
3
Suppose f + 2*f - 15 = 2*h, h = 0. Suppose f*w - 41 = 3*r + 54, -3*w + 33 = 3*r. What is the units digit of -3 + 3/(-3) + w?
2
Let u = -949 + 2433. What is the units digit of u?
4
Let x(g) = -458*g + 27. What is the hundreds digit of x(-5)?
3
Let j = 11 - 15. What is the units digit of (17 - (3 - 6)) + j?
6
Suppose -3*f + 5*f - 38 = -2*n, 2*f + 34 = 2*n. What is the units digit of -4 + 4 - (n/(-2))/1?
9
Let h = -34 - -1811. What is the tens digit of h?
7
Suppose 79*c - 1964 = 77*c. What is the units digit of c?
2
Let w be 22/(2/(-44)*-1). Let o = w + -300. What is the tens digit of o?
8
Suppose -7*f + 11658 - 1830 = 0. What is the thousands digit of f?
1
Suppose -h + 12 = 5*a, a - 5 = -4*h + 5. Suppose 3*o + 2*w = 42, -o - 7*w + 27 = -a*w. What is the tens digit of (-266)/(-10) - o/(-30)?
2
Suppose 5*k + 15 = -0*k. Suppose 108*t + 492 = 120*t. Let w = k + t. What is the tens digit of w?
3
Let o = -164 - -254. Let v = -63 + o. Suppose 0 = -2*z + v + 63. What is the units digit of z?
5
Suppose -4305 = -3*s - 3*t, 2*s + 5*t = 3766 - 890. What is the thousands digit of s?
1
Suppose 3*y = 15*r - 17*r + 1002, 3*y - r = 993. What is the units digit of y?
2
Let y = 137 + -35. Let g = y + -38. What is the units digit of g?
4
Suppose -71*g + 73*g = -4*r + 1780, r = 2*g + 445. What is the tens digit of r?
4
Let o = 1801 + -1312. What is the tens digit of o?
8
What is the units digit of (399/7)/((-134)/140 - -1)?
0
Let c(x) = -481*x**3 - 9*x**2 + 1. What is the tens digit of c(-1)?
7
Suppose -73*v = -78*v + 4050. What is the units digit of v?
0
Let j(n) = -n**2 + 10*n + 6. Let w be j(12). Let v = 18 - w. What is the units digit of v?
6
Suppose -386*z - 6675 = -391*z. What is the tens digit of z?
3
Let v = 26 - 13. Suppose -2*a - v = -57. What is the tens digit of a?
2
Let h be (-1245)/5 + 6/(-2). Let f be (-4)/(-8) + h/(-8). Suppose w = 30 + f. What is the units digit of w?
2
Let s(i) = 4*i + 4. Let g(t) = -3*t - 4. Let a(l) = -3*g(l) - 2*s(l). Let r be a(0). Let o = r + 9. What is the tens digit of o?
1
Suppose -17*f = -34806 - 45281. What is the units digit of f?
1
Suppose -j - 5*n + 1674 = 0, -5*j = -j - 5*n - 6771. What is the thousands digit of j?
1
Let z = 38 + -34. Let u be (1 - 6/z)*0. Suppose u = -5*y - 0*y + 15. What is the units digit of y?
3
Suppose -3*s - 126 = 6*s. What is the units digit of 12/(-210)*-1355 + 6/s?
7
Let j = 4 + 9. Let n = 18 - j. Let c(k) = 8*k - 6. What is the tens digit of c(n)?
3
Let x(b) = 25*b**3 - 5*b**2 + 1. Let t(w) = -4 + 4 - 14*w**3 - 12*w**3 - 1 + 4*w**2. Let z(f) = -6*t(f) - 5*x(f). What is the tens digit of z(1)?
3
Let o = -33 - -106. Suppose 0 = 107*i - 110*i - 3*y + 411, 0 = y. Let x = i - o. What is the units digit of x?
4
Suppose 0*o - 1 = -o. Let r(v) = -5*v**3 + 9*v**2 - 8*v - 7. Let q(c) = c**3 - c**2 + c + 1. Let w(s) = o*r(s) + 6*q(s). What is the units digit of w(-3)?
5
Suppose 12*c - 7918 + 2854 = 0. What is the tens digit of c?
2
Let z(f) = -2*f**2 - 17*f - 2. Let t(g) = 5*g**2 + 50*g + 7. Let s(x) = -3*t(x) - 8*z(x). Let n be s(14). What is the units digit of (-244)/(-20) - (-1)/n?
2
Let b(z) = 3*z - 1. Let y be b(2). Let s(k) = k + 10. Let a be s(-5). Suppose -8*i + 3*i = y*m - 115, -m - a*i + 43 = 0. What is the tens digit of m?
1
Let o(p) be the first derivative of 5*p**3/3 - 11*p**2/2 + 7*p - 25. What is the hundreds digit of o(7)?
1
Let s be 17 + -3 - (2 + -1). Suppose 10*x + 12 = s*x. What is the units digit of x?
4
Let l be (-224)/(-6)*(-10 + 7). Suppose 2*b - b + 5 = 0. What is the tens digit of l/b - 6/15?
2
What is the hundreds digit of 4 + -234*(-2 - -1)?
2
Suppose -80*y - 573 = -83*y. What is the tens digit of y?
9
Let d(u) = 16*u**2 + 2. Let o be d(-2). Let h be 2/12 - o/(-36). Suppose 0 = 3*m - 4*k + h*k - 72, -2*k = -5*m + 124. What is the units digit of m?
6
What is the thousands digit of (-6 - 1 - 2)/(21/(-6279))?
2
Let n = 179 - 111. Let d = 114 - n. Let a = d + -18. What is the units digit of a?
8
Let r(x) = -x + 10. Let w be r(12). What is the tens digit of w/((3/(-111))/1)?
7
Let i(q) = 5*q**2 - 4*q + 1. Let n be i(-4). Suppose b = 4*c - n, 8*c + 3*b - 117 = 3*c. What is the tens digit of c?
2
Let z(k) = 4*k**2 + 111*k - 160. What is the tens digit of z(-47)?
5
Let r(j) = 146*j + 231. What is the tens digit of r(7)?
5
Suppose 27*s - 12*s = -1605. Let d = 138 + s. What is the units digit of d?
1
Suppose 338 = 3*w - a, 2*w + 2*a - 151 - 61 = 0. What is the units digit of w?
1
Let u(a) = a**3 - 8*a**2 + 3. Let t be u(8). Suppose 0 = 5*b + t - 18. Suppose -i + 1 = 0, 